{"id":4713,"date":"2025-11-01T15:39:24","date_gmt":"2025-11-01T15:39:24","guid":{"rendered":"https:\/\/www.tunkinplay.com\/?post_type=product&#038;p=4713"},"modified":"2025-11-16T15:51:36","modified_gmt":"2025-11-16T15:51:36","slug":"conectable-engranaje-plastico","status":"publish","type":"product","link":"https:\/\/www.tunkinplay.com\/index.php\/producto\/conectable-engranaje-plastico\/","title":{"rendered":"Conectable Engranaje Pl\u00e1stico"},"content":{"rendered":"<p><span data-sheets-root=\"1\">\u00a1Divi\u00e9rtete creando figuras! <\/span><\/p>\n<p><span data-sheets-root=\"1\">Palitos conectables. <\/span><\/p>\n<p><span data-sheets-root=\"1\">El uso de este material permitir\u00e1 desarrollar la coordinaci\u00f3n motriz mediante la construcci\u00f3n de diversas formas. <\/span><\/p>\n<p><span data-sheets-root=\"1\">Fomenta la capacidad creativa y el reconocimiento de formas y colores. <\/span><\/p>\n<p><span data-sheets-root=\"1\">Material: Pl\u00e1stico. <\/span><\/p>\n<p><span data-sheets-root=\"1\">Colores: Rojo, amarillo, azul y verde.<\/span><\/p>\n<p><span data-sheets-root=\"1\">Contiene: 40 piezas de 9,5 x 1,6 cm. aprox. <\/span><\/p>\n<p><span data-sheets-root=\"1\">Incluye pote pl\u00e1stico para guardar.<\/span><\/p>\n<p>Para ni\u00f1as y ni\u00f1os de 3+ a\u00f1os.<\/p>\n","protected":false},"excerpt":{"rendered":"<p><span data-sheets-root=\"1\">\u00a1Divi\u00e9rtete creando figuras! <\/span><\/p>\n<p><span data-sheets-root=\"1\">Material: Pl\u00e1stico. <\/span><\/p>\n<p><span data-sheets-root=\"1\">Colores: Rojo, amarillo, azul y verde.<\/span><\/p>\n<p><span data-sheets-root=\"1\">40 piezas de 9,5 x 1,6 cm. aprox. <\/span><\/p>\n<p><span data-sheets-root=\"1\">Incluye pote pl\u00e1stico para guardar.<\/span><\/p>\n<p>3+A\u00f1os.<\/p>\n<p>TP-<span data-sheets-root=\"1\">D101005<\/span><\/p>\n","protected":false},"featured_media":4545,"template":"","meta":{"_seopress_robots_primary_cat":"none","_seopress_titles_title":"Conectable Engranaje Pl\u00e1stico","_seopress_titles_desc":"Conectable engranaje pl\u00e1stico. Juego de construcci\u00f3n que estimula la motricidad fina, la creatividad y el reconocimiento de formas y colores.","_seopress_robots_index":"","site-sidebar-layout":"default","site-content-layout":"","ast-site-content-layout":"default","site-content-style":"default","site-sidebar-style":"default","ast-global-header-display":"","ast-banner-title-visibility":"","ast-main-header-display":"","ast-hfb-above-header-display":"","ast-hfb-below-header-display":"","ast-hfb-mobile-header-display":"","site-post-title":"","ast-breadcrumbs-content":"","ast-featured-img":"","footer-sml-layout":"","ast-disable-related-posts":"","theme-transparent-header-meta":"default","adv-header-id-meta":"","stick-header-meta":"","header-above-stick-meta":"","header-main-stick-meta":"","header-below-stick-meta":"","astra-migrate-meta-layouts":"set","ast-page-background-enabled":"default","ast-page-background-meta":{"desktop":{"background-color":"var(--ast-global-color-5)","background-image":"","background-repeat":"repeat","background-position":"center center","background-size":"auto","background-attachment":"scroll","background-type":"","background-media":"","overlay-type":"","overlay-color":"","overlay-opacity":"","overlay-gradient":""},"tablet":{"background-color":"","background-image":"","background-repeat":"repeat","background-position":"center center","background-size":"auto","background-attachment":"scroll","background-type":"","background-media":"","overlay-type":"","overlay-color":"","overlay-opacity":"","overlay-gradient":""},"mobile":{"background-color":"","background-image":"","background-repeat":"repeat","background-position":"center center","background-size":"auto","background-attachment":"scroll","background-type":"","background-media":"","overlay-type":"","overlay-color":"","overlay-opacity":"","overlay-gradient":""}},"ast-content-background-meta":{"desktop":{"background-color":"var(--ast-global-color-4)","background-image":"","background-repeat":"repeat","background-position":"center center","background-size":"auto","background-attachment":"scroll","background-type":"","background-media":"","overlay-type":"","overlay-color":"","overlay-opacity":"","overlay-gradient":""},"tablet":{"background-color":"var(--ast-global-color-4)","background-image":"","background-repeat":"repeat","background-position":"center center","background-size":"auto","background-attachment":"scroll","background-type":"","background-media":"","overlay-type":"","overlay-color":"","overlay-opacity":"","overlay-gradient":""},"mobile":{"background-color":"var(--ast-global-color-4)","background-image":"","background-repeat":"repeat","background-position":"center center","background-size":"auto","background-attachment":"scroll","background-type":"","background-media":"","overlay-type":"","overlay-color":"","overlay-opacity":"","overlay-gradient":""}},"_jet_sm_ready_style":"","_jet_sm_style":"","_jet_sm_controls_values":"","_jet_sm_fonts_collection":"","_jet_sm_fonts_links":""},"product_brand":[25],"product_cat":[104,22,94,91,23,46,20,21],"product_tag":[72],"class_list":{"0":"post-4713","1":"product","2":"type-product","3":"status-publish","4":"has-post-thumbnail","6":"product_brand-dactic","7":"product_cat-clasificacion","8":"product_cat-concentracion","9":"product_cat-construccion","10":"product_cat-coordinacion","11":"product_cat-creatividad","12":"product_cat-matematicas","13":"product_cat-motricidad-fina","14":"product_cat-pensamiento-logico","15":"product_tag-3anos","16":"desktop-align-center","17":"tablet-align-left","18":"mobile-align-left","20":"first","21":"instock","22":"taxable","23":"shipping-taxable","24":"purchasable","25":"product-type-simple"},"jetpack_sharing_enabled":true,"_links":{"self":[{"href":"https:\/\/www.tunkinplay.com\/index.php\/wp-json\/wp\/v2\/product\/4713","targetHints":{"allow":["GET"]}}],"collection":[{"href":"https:\/\/www.tunkinplay.com\/index.php\/wp-json\/wp\/v2\/product"}],"about":[{"href":"https:\/\/www.tunkinplay.com\/index.php\/wp-json\/wp\/v2\/types\/product"}],"wp:featuredmedia":[{"embeddable":true,"href":"https:\/\/www.tunkinplay.com\/index.php\/wp-json\/wp\/v2\/media\/4545"}],"wp:attachment":[{"href":"https:\/\/www.tunkinplay.com\/index.php\/wp-json\/wp\/v2\/media?parent=4713"}],"wp:term":[{"taxonomy":"product_brand","embeddable":true,"href":"https:\/\/www.tunkinplay.com\/index.php\/wp-json\/wp\/v2\/product_brand?post=4713"},{"taxonomy":"product_cat","embeddable":true,"href":"https:\/\/www.tunkinplay.com\/index.php\/wp-json\/wp\/v2\/product_cat?post=4713"},{"taxonomy":"product_tag","embeddable":true,"href":"https:\/\/www.tunkinplay.com\/index.php\/wp-json\/wp\/v2\/product_tag?post=4713"}],"curies":[{"name":"wp","href":"https:\/\/api.w.org\/{rel}","templated":true}]}}